ands digit of 44557574?
7
What is the ten thousands digit of 102099387?
9
What is the units digit of 52709879?
9
What is the hundreds digit of 17562564?
5
What is the millions digit of 2893153952?
3
What is the tens digit of 182900780?
8
What is the units digit of 173178591?
1
What is the millions digit of 53497864?
3
What is the hundreds digit of 947086793?
7
What is the billions digit of 3797890874?
3
What is the hundred millions digit of 2364427993?
3
What is the hundred thousands digit of 7358976?
3
What is the thousands digit of 3271558878?
8
What is the ten thousands digit of 120922279?
2
What is the hundred thousands digit of 1650312930?
3
What is the hundreds digit of 251648765?
7
What is the tens digit of 3621579814?
1
What is the ten thousands digit of 132867436?
6
What is the tens digit of 22468169?
6
What is the hundreds digit of 1342162679?
6
What is the hundred thousands digit of 211113811?
1
What is the ten thousands digit of 11046199?
4
What is the ten thousands digit of 4020531967?
3
What is the thousands digit of 3226898835?
8
What is the hundred thousands digit of 73429939?
4
What is the ten thousands digit of 18143562?
4
What is the units digit of 50452879?
9
What is the millions digit of 770738582?
0
What is the hundred thousands digit of 3768722?
7
What is the hundred millions digit of 485510938?
4
What is the thousands digit of 86721508?
1
What is the millions digit of 34495569?
4
What is the ten thousands digit of 608357918?
5
What is the units digit of 49430370?
0
What is the hundreds digit of 2683714102?
1
What is the hundreds digit of 300788437?
4
What is the ten thousands digit of 3859389741?
8
What is the thousands digit of 295961678?
1
What is the units digit of 34206672?
2
What is the ten millions digit of 30535973?
3
What is the millions digit of 51732349?
1
What is the hundreds digit of 44300717?
7
What is the millions digit of 1924984931?
4
What is the ten thousands digit of 1661149?
6
What is the ten thousands digit of 124477928?
7
What is the units digit of 2994380503?
3
What is the ten thousands digit of 4191187369?
8
What is the ten thousands digit of 424148354?
4
What is the hundreds digit of 2488168849?
8
What is the hundred thousands digit of 5043610407?
6
What is the tens digit of 774557538?
3
What is the tens digit of 772189337?
3
What is the hundred millions digit of 2280544065?
2
What is the ten thousands digit of 43002586?
0
What is the units digit of 468918110?
0
What is the hundred thousands digit of 175285083?
2
What is the tens digit of 174373164?
6
What is the thousands digit of 6742483284?
3
What is the units digit of 69624636?
6
What is the millions digit of 77176871?
7
What is the thousands digit of 657272189?
2
What is the hundreds digit of 1055226077?
0
What is the millions digit of 877188063?
7
What is the thousands digit of 4476131889?
1
What is the billions digit of 3120947149?
3
What is the thousands digit of 31078077?
8
What is the ten thousands digit of 361230655?
3
What is the hundred millions digit of 5933552561?
9
What is the units digit of 41655823?
3
What is the millions digit of 29125091?
9
What is the thousands digit of 756613470?
3
What is the thousands digit of 168816070?
6
What is the ten thousands digit of 407561161?
6
What is the hundreds digit of 297166940?
9
What is the billions digit of 6068360037?
6
What is the thousands digit of 300785903?
5
What is the hundreds digit of 35431319?
3
What is the units digit of 780322591?
1
What is the tens digit of 598875284?
8
What is the millions digit of 1338730391?
8
What is the hundred millions digit of 379915548?
3
What is the millions digit of 553615756?
3
What is the hundreds digit of 23796387?
3
What is the ten millions digit of 10492205?
1
What is the hundred thousands digit of 50576972?
5
What is the millions digit of 2421802842?
1
What is the millions digit of 63084359?
3
What is the ten thousands digit of 26438345?
3
What is the thousands digit of 1400086504?
6
What is the hundred millions digit of 703729111?
7
What is the hundred millions digit of 135176860?
1
What is the billions digit of 1409200435?
1
What is the ten thousands digit of 54439867?
3
What is the hundred millions digit of 427589502?
4
What is the ten thousands digit of 2024655805?
5
What is the hundreds digit of 818031191?
1
What is the hundred millions digit of 457980483?
4
What is the hundreds digit of 862270276?
2
What is the tens digit of 25533407?
0
What is the tens digit of 5180414?
1
What is the hundred millions digit of 784983238?
7
What is the billions digit of 4467890649?
4
What is the millions digit of 92100208?
2
What is the tens digit of 378931764?
6
What is the hundreds digit of 368383739?
7
What is the units digit of 301169502?
2
What is the billions digit of 8629568417?
8
What is the hundred thousands digit of 138347543?
3
What is the hundred thousands digit of 2865402059?
4
What is the ten thousands digit of 27327634?
2
What is the units digit of 4627914?
4
What is the units digit of 1395598171?
1
What is the hundred thousands digit of 97595101?
5
What is the hundred thousands digit of 140725838?
7
What is the hundred millions digit of 176920977?
1
What is the tens digit of 930010446?
4
What is the hundreds digit of 467091313?
3
What is the units digit of 198270449?
9
What is the ten millions digit of 2016361471?
1
What is the tens digit of 24062822?
2
What is the hundred thousands digit of 436736605?
7
What is the units digit of 76961319?
9
What is the hundred millions digit of 394776450?
3
What is the thousands digit of 2465805678?
5
What is the thousands digit of 114162428?
2
What is the hundred millions digit of 1139631449?
1
What is the hundred thousands digit of 28070438?
0
What is the millions digit of 75806045?
5
What is the units digit of 14755318?
8
What is the units digit of 53466097?
7
What is the hundreds digit of 236369514?
5
What is the thousands digit of 153138937?
8
What is the units digit of 167542046?
6
What is the tens digit of 73702762?
6
What is the hundred thousands digit of 33911458?
9
What is the hundred thousands digit of 34860022?
8
What is the tens digit of 4311104881?
8
What is the hundred thousands digit of 229253923?
2
What is the millions digit of 692277671?
2
What is the hundred thousands digit of 107033190?
0
What is the ten thousands digit of 3693924559?
2
What is the ten thousands digit of 127520955?
2
What is the ten millions digit of 1029273889?
2
What is the hundred millions digit of 3000922288?
0
What is the thousands digit of 29869401?
9
What is the units digit of 2253337127?
7
What is the thousands digit of 126439291?
9
What is the units digit of 2924981259?
9
What is the hundreds digit of 501943799?
7
What is the hundred thousands digit of 9035780?
0
What is the hundred thousands digit of 1404386856?
3
What is the hundreds digit of 1036072018?
0
What is the tens digit of 10951980?
8
What is the hundreds digit of 1822990366?
3
What is the millions digit of 126060096?
6
What is the hundred thousands digit of 17532498?
5
What is the ten thousands digit of 1617090409?
9
What is the hundred millions digit of 1535593338?
5
What is the tens digit of 29169399?
9
What is the tens digit of 113672308?
0
What is the tens digit of 1297240079?
7
What is the units digit of 3823971092?
2
What is the ten thousands digit of 4383185489?
8
What is the tens digit of 95908671?
7
What is the hundred thousands digit of 278094018?
0
What is the ten millions digit of 781745074?
8
What is the millions digit of 417041693?
7
What is the thousands digit of 63919476?
9
What is the thousands digit of 289748072?
8
What is the units digit of 1089893617?
7
What is the millions digit of 104406886?
4
What is the thousands digit of 229083957?
3
What is the units digit of 3641714200?
0
What is the hundred thousands digit of 945491379?
4
What is the hundred thousands digit of 115759073?
7
What is the millions digit of 2385008192?
5
What is the hundreds digit of 96104754?
7
What is the hundreds digit of 3470436207?
2
What is the ten millions digit of 104802489?
0
What is the hundred thousands digit of 84370137?
3
What is the thousands digit of 135497334?
7
What is the tens digit of 2194852549?
4
What is the tens digit of 4956383849